or of 8 and s.
8
Let x(z) = 2*z + 3. Let h be x(10). Suppose -q = -h - 6. What is the highest common divisor of 29 and q?
29
Let p be (-27)/((24/66)/(-4)). What is the greatest common divisor of 33 and p?
33
Suppose 0 = 5*a + 2*h - 18, -6*a + 4*h = -a + 6. Let p = -8 - -3. Let m be (15/5)/((-3)/p). What is the greatest common divisor of m and a?
1
Let h be (2/3)/(8/420). Suppose -5*s + h = i + 10, 0 = -3*i + s - 5. Suppose -5*t + 57 + 3 = i. What is the highest common divisor of t and 12?
12
Let f = -90 + 94. Suppose -4*d = -5*i + 57, i - 36 = -2*i + 3*d. Suppose 5*r + 4*q - 41 = i, 2*r - 4*q = -8. What is the highest common factor of f and r?
2
Let q = 9 - 2. Suppose -q*m + 2*m = -90. Let g(d) = -d**2 - 10*d + 6. Let v be g(-7). Calculate the highest common factor of v and m.
9
Let c(a) = a**3 + 25*a**2 + 42*a - 7. Let x be c(-23). Calculate the highest common factor of 221 and x.
17
Let r(l) be the first derivative of -l**3/3 + 9*l**2/2 + 2*l + 4. Let d be r(9). Suppose -24 + 6 = -3*c. Calculate the greatest common divisor of d and c.
2
Let k(y) = y - 1. Suppose 0*q - 4*q + 24 = 0. Let r be k(q). What is the greatest common divisor of r and 55?
5
Let x(y) be the first derivative of 2*y**3 + 3*y**2/2 - 14. Let n be x(3). Calculate the highest common divisor of n and 9.
9
Suppose 9*r = 4*r + 10. Suppose -i + 2 = -1. Suppose -3*h = 4*u - 0 - 51, -i*h + r*u + 69 = 0. What is the highest common divisor of 21 and h?
21
Suppose 0 = a + 4*a - 20, 4*y = -a + 16. Suppose -y*j = 2*j - 110. Calculate the greatest common divisor of 176 and j.
22
Let c = -1 - -1. Let p(s) be the third derivative of s**4/24 + s**3 + 13*s**2. Let v be p(c). What is the highest common factor of 30 and v?
6
Let h(x) = -2*x**2 - 8*x + 2. Let y be h(-3). What is the greatest common factor of 112 and y?
8
Let w = -3262 - -3514. Suppose -43 = -2*v + 13. What is the greatest common factor of v and w?
28
Let f(t) = -3*t**2 + 9*t - 30. Let d be f(9). Let x = -126 - d. What is the highest common factor of 33 and x?
33
Let r be 0 - ((-5)/1 - -3). Suppose 3*g = -r*l + 6, 4*l = 3*g + l - 6. Suppose -g*c - 6 = -3*c. What is the highest common divisor of 15 and c?
3
Suppose -62*i = -124*i + 5208. What is the greatest common factor of 48 and i?
12
Suppose 7*o = 2*v + 9*o - 404, 3*v - 3*o - 618 = 0. Calculate the highest common divisor of v and 12.
12
Suppose -3*r + 2*r = -17. Let k = -407 - -560. What is the greatest common divisor of r and k?
17
Suppose -38 = 2*s - s. Let y be 53/(0 - 1/(4/4)). Let o = s - y. What is the highest common divisor of 6 and o?
3
Let t be (-40)/(-16)*-3*-10. What is the greatest common factor of t and 25?
25
Let w be (-4)/(-14) - (-164)/14. Suppose v = -i + 110, 235 = 2*v + i + 4*i. Suppose v + 87 = 2*b. What is the highest common divisor of w and b?
12
Let u be (-6)/2 - (-7)/1. Suppose s - u*s = -33. Suppose 308 = -0*l + 7*l. What is the highest common divisor of l and s?
11
Suppose -s + 0*j + j = -22, -4*s - 5*j + 61 = 0. Calculate the highest common factor of s and 76.
19
Let a = 17 - 11. Let h(l) = -l**3 - 5*l**2 + 4*l + 2. Let m be h(-4). Let q = m - -45. What is the greatest common factor of q and a?
3
Suppose -6 = -3*z + 6. Let l(q) = 6*q + 2. Let n be l(z). Calculate the greatest common divisor of 2 and n.
2
Suppose -36 = -4*f + 4*p, 6*p - 3*p - 33 = -3*f. Let s = 176 + -96. Calculate the greatest common divisor of f and s.
10
Let o(x) = x**3 + 9*x**2 + 13. Let y be o(-9). Let a(q) = -q**2 - 5. Let z be a(y). Let u be (z/4)/(2/(-4)). What is the highest common factor of u and 58?
29
Let i = -6 - -91. Let k = i - 64. What is the highest common factor of 3 and k?
3
Let w be (-23)/(-3) - (-2)/6. Suppose 5*u = -3*b + 25, -4*u - 1 = -4*b - 53. What is the greatest common divisor of w and u?
8
Let k(x) = 56*x + 75. Let c be k(2). Suppose m = 4*p - 0*p + 5, -5*m + 25 = -5*p. Suppose -34 + p = -2*i. Calculate the highest common divisor of i and c.
17
Let w(h) = 3*h. Let a be w(10). Suppose -2*p - 214 = -f, -2*f - 6*p = -p - 410. Calculate the greatest common factor of a and f.
30
Let y be 213/1 - (1 - 0). Suppose -y = -4*m + 3*u, m - 82 = -u - 22. Let j be (-10)/20*-73*4 - 6. What is the highest common divisor of j and m?
28
Let q = 2 + 2. Suppose -2*d + 14 = -3*v - 2, -4*v = q*d + 8. Suppose -4*a - 36 = -4*u, d*u + 4*a - 5 = 1. What is the greatest common divisor of u and 56?
7
Let j(a) = -a**3 - 5*a**2 - 5*a - 9. Let x be j(-5). Calculate the highest common divisor of x and 48.
16
Let b = -30 - -35. Let t(h) = h**3 - 5*h**2 - h + 8. Let w be t(b). What is the greatest common divisor of w and 9?
3
Suppose 0*u = 3*u - 45. Let z be 2/13 - 772*(-10)/520. What is the highest common factor of u and z?
15
Let g(z) = 4*z**3 + 106*z**2 - 3*z + 12. Let d be g(-26). What is the greatest common divisor of d and 14?
14
Let z be (-90)/36*8/(-5). What is the greatest common divisor of z and 14?
2
Suppose -85*b + 81*b = -420. What is the greatest common divisor of b and 140?
35
Let a = 101 + -145. Let l = 172 + a. What is the greatest common factor of 16 and l?
16
Let z(x) = x**3 + 5*x**2 + 2*x + 2. Let c be z(-5). Let j be (12/(-10))/(c/200). Calculate the greatest common factor of j and 12.
6
Suppose 29 = -2*d + 79. Let m = d + 4. Let p(r) = -65*r - 21. Let u be p(-3). What is the highest common divisor of u and m?
29
Let a = 27 - 23. Suppose 0*l = -a*l + 448. What is the highest common factor of 14 and l?
14
Suppose 15*y + 834 = 2949. What is the greatest common divisor of y and 12?
3
Suppose -14 = -3*s + y, -5*s + 4*y + 27 = -8. Let r(f) = 6*f - 4. Let n be r(s). Suppose 378 = 2*c + c. Calculate the highest common factor of c and n.
14
Suppose -20*x + 322 = 3*x. Suppose -6*p + 350 = -p. Calculate the greatest common factor of x and p.
14
Suppose 0 = -3*s + 3*i + 102, -i = -8*s + 11*s - 102. Calculate the highest common divisor of s and 1241.
17
Suppose -38 = -m + 2*u, -m + 4*u = 4*m - 184. Calculate the greatest common factor of m and 54.
18
Let a be 214 + ((-3)/1 - -1). Suppose l = -4*u + 163, 4*u + 4*l - a = -u. What is the greatest common factor of u and 10?
10
Let g be 2/(-1) - 0 - -275. Suppose 3*a - 15 = 0, l + 5*a = -79 + g. What is the greatest common factor of 13 and l?
13
Suppose -51*w = -47*w - 48. What is the highest common divisor of 300 and w?
12
Let u be (-104)/(-39) + 1256/6. Calculate the highest common divisor of u and 4.
4
Let i(r) = 7*r - 291. Let x be i(42). Calculate the greatest common factor of 33 and x.
3
Suppose -134*w + 143*w - 189 = 0. Suppose 0 = 5*f - p + 2*p - 109, 3*p + 51 = 3*f. Calculate the greatest common divisor of f and w.
21
Let s be -3 - -11 - 5*(-8)/(-20). Let x(f) = -f**3 + 5*f**2 - 3*f - 3. Let r be x(3). What is the highest common divisor of s and r?
6
Suppose 9*k + 56*k = 2210. What is the highest common factor of 1360 and k?
34
Suppose 0 = -x - 3*k + 10, -2*x + 30 = x + 4*k. Suppose -150 = 5*n - x*n. What is the highest common factor of 80 and n?
10
Let u = -5 + 29. Let c(f) = 6*f - 159. Let h be c(27). Calculate the greatest common factor of u and h.
3
Let v(a) = a**3 + 13*a**2 + 5*a - 21. Let f be v(-12). What is the greatest common factor of 9 and f?
9
Let k be ((2 - 0)/(-6))/((-3)/765). Let c be k/2 - (-78)/52. Calculate the highest common factor of 22 and c.
22
Let d = 286 - 248. Calculate the greatest common divisor of d and 57.
19
Let w = -13 + 74. Suppose 2*x + m - 117 = -4*m, x = -5*m + w. Calculate the greatest common divisor of x and 21.
7
Let d = 45 - 40. Suppose -4*s = -2*u + 248, d*u + s - 344 = 2*u. Calculate the highest common divisor of u and 29.
29
Let b(y) = -y**3 + 10*y**2 + 6*y - 2. Let z be b(7). Let t = 3608 + -3574. What is the greatest common divisor of t and z?
17
Suppose 0 = s + 5, -5*z - 942 - 683 = 3*s. Let w = z - -674. Calculate the highest common factor of 44 and w.
44
Let u(q) = -q**3 + 5*q**2 + q - 5. Let s be u(5). Suppose s = -t + 2*t - 100. Suppose -o = -6*o + t. Calculate the greatest common divisor of o and 4.
4
Let t(x) = x**2 - 4*x - 20. Let w(b) = b + 15. Let l be w(-5). Let h be t(l). Let j = 144 + h. What is the greatest common factor of 23 and j?
23
Let k(a) = -a**3 - 22*a**2 - 58*a + 11. Let g be k(-19). What is the highest common divisor of g and 354?
6
Let s be 18 + -4 + 10